{"id":1577,"date":"2019-06-02T16:58:33","date_gmt":"2019-06-02T14:58:33","guid":{"rendered":"https:\/\/dka.ch\/?page_id=1577"},"modified":"2020-11-30T18:00:46","modified_gmt":"2020-11-30T17:00:46","slug":"rheinlicht","status":"publish","type":"page","link":"https:\/\/dka.ch\/index.php\/rheinlicht\/","title":{"rendered":"Rheinlicht"},"content":{"rendered":"<hr \/>\n<p><img loading=\"lazy\" decoding=\"async\" class=\"aligncenter size-full wp-image-1578\" src=\"https:\/\/dka.ch\/wp-content\/uploads\/2019\/06\/Rheinlicht-gr\u00fcn-klein.jpg\" alt=\"\" width=\"2205\" height=\"1465\" srcset=\"https:\/\/dka.ch\/wp-content\/uploads\/2019\/06\/Rheinlicht-gr\u00fcn-klein.jpg 2205w, https:\/\/dka.ch\/wp-content\/uploads\/2019\/06\/Rheinlicht-gr\u00fcn-klein-300x199.jpg 300w, https:\/\/dka.ch\/wp-content\/uploads\/2019\/06\/Rheinlicht-gr\u00fcn-klein-768x510.jpg 768w, https:\/\/dka.ch\/wp-content\/uploads\/2019\/06\/Rheinlicht-gr\u00fcn-klein-1024x680.jpg 1024w, https:\/\/dka.ch\/wp-content\/uploads\/2019\/06\/Rheinlicht-gr\u00fcn-klein-1000x664.jpg 1000w, https:\/\/dka.ch\/wp-content\/uploads\/2019\/06\/Rheinlicht-gr\u00fcn-klein-660x440.jpg 660w, https:\/\/dka.ch\/wp-content\/uploads\/2019\/06\/Rheinlicht-gr\u00fcn-klein-373x248.jpg 373w\" sizes=\"auto, (max-width: 2205px) 100vw, 2205px\" \/><\/p>\n<p style=\"text-align: right;\"><span style=\"color: #808080;\">Bild: \u00a9 Radek Rukat &amp; Donat Kamber<\/span><\/p>\n<hr \/>\n<p><b>Licht-Kunst: Z\u2019Basel am mym Rhy, jo dort mecht y sy!<\/b><\/p>\n<p><b>Beschrieb:<br \/>\n<\/b>N\u00e4chtliche Rhein-Illumination mittels Unterwasserscheinwerfern entlang den beiden Ufern zwischen Wettsteinbr\u00fccke und Mittlerer Br\u00fccke.<\/p>\n<p><b>Zielgruppe:<br \/>\n<\/b>Unikatives Wahrzeichen f\u00fcr die Basler Bev\u00f6lkerung und seine G\u00e4ste.<br \/>\nIlluminiert nur an speziellen Tagen und Anl\u00e4ssen wie Feiertage, Messen oder kulturellen Veranstaltungen, sowie tropischen N\u00e4chten wo die Lufttemperatur nicht unter 20\u00b0C f\u00e4llt, dann ist nat\u00fcrlich Nachtbaden im neuen illuminierten Wahrzeichen Basels angesagt unter sicherer Aufsicht der Basler Wasserpolizei, Sonderz\u00fcge und Busfahrten von weit her inklusive.<br \/>\nOriginal-Schwimmwesten mit dem Logo \u201eZ&#8217;Basel am mym Rhy, jo dort mecht y sy\u201c und einer integrierten Pfeife und einem Markierungslicht k\u00f6nnen gegen eine Kautionsgeb\u00fchr ausgeliehen oder erworben werden.<\/p>\n<p><b>Nutzen f\u00fcr die Region:<br \/>\n<\/b>Der Rhein, das Herz und Hauptschlagader dieser Stadt.<br \/>\nExemplarisches ins Licht r\u00fccken des Rheines und seiner Jahrtausende alte Bedeutung f\u00fcr Basel und die Oberrheinische Tiefebene.<span class=\"Apple-converted-space\"><br \/>\n<\/span>Engagierter Einbezug des Rheines in das Stadtleben durch sicheres vergn\u00fcgliches Nachtschwimmen unter Aufsicht der Basler Wasserpolizei. Aktivierung der beiden Rheinufer in diesem Bereich als illuminierte n\u00e4chtliche Flanier-Meile.<br \/>\nWarum um die Welt reisen, wenn das Gute liegt so nah.<br \/>\nDieses neue unikative Wahrzeichen Basels wird weit \u00fcber die Grenzen hinaus leuchten. Anl\u00e4sslich seiner Einweihung werden die Medien Bilder dieses Ereignisses um die Welt tragen und die Menschen begeistern. Der Nachahmer-Effekt dieses Basler Vorbildes einer zeitgem\u00e4ssen Interpretation eines st\u00e4dtischen<span class=\"Apple-converted-space\">\u00a0 <\/span>Wahrzeichens ist absehbar.<\/p>\n<p><b>Erg\u00e4nzungen:<\/b><\/p>\n<ul>\n<li>Poetische Neuinterpretation von &#8220; Z&#8217;Basel am mym Rhy, jo dort mecht y sy! &#8220; von Johann Peter Hebel.<\/li>\n<li>Versinnbildlichung von Wasser als Lebenselexier der Evolution, als Transportweg des Lebens im Grossen wie im Kleinen. Inbegriff von \u00d6konomie, \u00d6kologie, Kultur und Wertsch\u00e4tzung einer unserer wichtigsten Existenzgrundlagen.<\/li>\n<li>Sichtbar machen der zusehens besser werdenden Wasserqualit\u00e4t des Rheines.<\/li>\n<li>Die nachhaltige Stromproduktion f\u00fcr die Unterwasserscheinwerfer \u00fcbernimmt der Rhein selbstverst\u00e4ndlich und naheliegend gleich in eigener Regie. Erneuerbar und umweltgerecht hergestellt im \u201enaturemade basic\u201c zertifiziertem Wasserkraftwerk Birsfelden.<\/li>\n<\/ul>\n<hr \/>\n<p><img loading=\"lazy\" decoding=\"async\" class=\"aligncenter size-full wp-image-1583\" src=\"https:\/\/dka.ch\/wp-content\/uploads\/2019\/06\/Konzeptgrundlagen-Rheinlicht-1.jpg\" alt=\"\" width=\"1800\" height=\"1050\" srcset=\"https:\/\/dka.ch\/wp-content\/uploads\/2019\/06\/Konzeptgrundlagen-Rheinlicht-1.jpg 1800w, https:\/\/dka.ch\/wp-content\/uploads\/2019\/06\/Konzeptgrundlagen-Rheinlicht-1-300x175.jpg 300w, https:\/\/dka.ch\/wp-content\/uploads\/2019\/06\/Konzeptgrundlagen-Rheinlicht-1-768x448.jpg 768w, https:\/\/dka.ch\/wp-content\/uploads\/2019\/06\/Konzeptgrundlagen-Rheinlicht-1-1024x597.jpg 1024w, https:\/\/dka.ch\/wp-content\/uploads\/2019\/06\/Konzeptgrundlagen-Rheinlicht-1-1000x583.jpg 1000w\" sizes=\"auto, (max-width: 1800px) 100vw, 1800px\" \/><\/p>\n<p><a href=\"https:\/\/dka.ch\/index.php\/licht-und-wasser-statt-feuer-und-werk\/\">Licht&amp;Wasser statt <strong>Feuer&amp;Werk<\/strong><\/a><\/p>\n<hr \/>\n<p>&nbsp;<\/p>\n","protected":false},"excerpt":{"rendered":"<p>Bild: \u00a9 Radek Rukat &amp; Donat Kamber Licht-Kunst: Z\u2019Basel am mym Rhy, jo dort mecht y sy! Beschrieb: N\u00e4chtliche Rhein-Illumination mittels Unterwasserscheinwerfern entlang den beiden Ufern zwischen Wettsteinbr\u00fccke und Mittlerer Br\u00fccke. Zielgruppe: Unikatives Wahrzeichen f\u00fcr&hellip; <a class=\"excerpt-more-link\" href=\"https:\/\/dka.ch\/index.php\/rheinlicht\/\">Read More<\/a><\/p>\n","protected":false},"author":1,"featured_media":0,"parent":0,"menu_order":0,"comment_status":"closed","ping_status":"closed","template":"","meta":{"footnotes":""},"class_list":["post-1577","page","type-page","status-publish","hentry"],"_links":{"self":[{"href":"https:\/\/dka.ch\/index.php\/wp-json\/wp\/v2\/pages\/1577","targetHints":{"allow":["GET"]}}],"collection":[{"href":"https:\/\/dka.ch\/index.php\/wp-json\/wp\/v2\/pages"}],"about":[{"href":"https:\/\/dka.ch\/index.php\/wp-json\/wp\/v2\/types\/page"}],"author":[{"embeddable":true,"href":"https:\/\/dka.ch\/index.php\/wp-json\/wp\/v2\/users\/1"}],"replies":[{"embeddable":true,"href":"https:\/\/dka.ch\/index.php\/wp-json\/wp\/v2\/comments?post=1577"}],"version-history":[{"count":11,"href":"https:\/\/dka.ch\/index.php\/wp-json\/wp\/v2\/pages\/1577\/revisions"}],"predecessor-version":[{"id":1920,"href":"https:\/\/dka.ch\/index.php\/wp-json\/wp\/v2\/pages\/1577\/revisions\/1920"}],"wp:attachment":[{"href":"https:\/\/dka.ch\/index.php\/wp-json\/wp\/v2\/media?parent=1577"}],"curies":[{"name":"wp","href":"https:\/\/api.w.org\/{rel}","templated":true}]}}

<hr />
<p><img loading="lazy" decoding="async" class="aligncenter size-full wp-image-1578" src="https://dka.ch/wp-content/uploads/2019/06/Rheinlicht-grün-klein.jpg" alt="" width="2205" height="1465" srcset="https://dka.ch/wp-content/uploads/2019/06/Rheinlicht-grün-klein.jpg 2205w, https://dka.ch/wp-content/uploads/2019/06/Rheinlicht-grün-klein-300x199.jpg 300w, https://dka.ch/wp-content/uploads/2019/06/Rheinlicht-grün-klein-768x510.jpg 768w, https://dka.ch/wp-content/uploads/2019/06/Rheinlicht-grün-klein-1024x680.jpg 1024w, https://dka.ch/wp-content/uploads/2019/06/Rheinlicht-grün-klein-1000x664.jpg 1000w, https://dka.ch/wp-content/uploads/2019/06/Rheinlicht-grün-klein-660x440.jpg 660w, https://dka.ch/wp-content/uploads/2019/06/Rheinlicht-grün-klein-373x248.jpg 373w" sizes="auto, (max-width: 2205px) 100vw, 2205px" /></p>
<p style="text-align: right;"><span style="color: #808080;">Bild: © Radek Rukat &amp; Donat Kamber</span></p>
<hr />
<p><b>Licht-Kunst: Z’Basel am mym Rhy, jo dort mecht y sy!</b></p>
<p><b>Beschrieb:<br />
</b>Nächtliche Rhein-Illumination mittels Unterwasserscheinwerfern entlang den beiden Ufern zwischen Wettsteinbrücke und Mittlerer Brücke.</p>
<p><b>Zielgruppe:<br />
</b>Unikatives Wahrzeichen für die Basler Bevölkerung und seine Gäste.<br />
Illuminiert nur an speziellen Tagen und Anlässen wie Feiertage, Messen oder kulturellen Veranstaltungen, sowie tropischen Nächten wo die Lufttemperatur nicht unter 20°C fällt, dann ist natürlich Nachtbaden im neuen illuminierten Wahrzeichen Basels angesagt unter sicherer Aufsicht der Basler Wasserpolizei, Sonderzüge und Busfahrten von weit her inklusive.<br />
Original-Schwimmwesten mit dem Logo „Z&#8217;Basel am mym Rhy, jo dort mecht y sy“ und einer integrierten Pfeife und einem Markierungslicht können gegen eine Kautionsgebühr ausgeliehen oder erworben werden.</p>
<p><b>Nutzen für die Region:<br />
</b>Der Rhein, das Herz und Hauptschlagader dieser Stadt.<br />
Exemplarisches ins Licht rücken des Rheines und seiner Jahrtausende alte Bedeutung für Basel und die Oberrheinische Tiefebene.<span class="Apple-converted-space"><br />
</span>Engagierter Einbezug des Rheines in das Stadtleben durch sicheres vergnügliches Nachtschwimmen unter Aufsicht der Basler Wasserpolizei. Aktivierung der beiden Rheinufer in diesem Bereich als illuminierte nächtliche Flanier-Meile.<br />
Warum um die Welt reisen, wenn das Gute liegt so nah.<br />
Dieses neue unikative Wahrzeichen Basels wird weit über die Grenzen hinaus leuchten. Anlässlich seiner Einweihung werden die Medien Bilder dieses Ereignisses um die Welt tragen und die Menschen begeistern. Der Nachahmer-Effekt dieses Basler Vorbildes einer zeitgemässen Interpretation eines städtischen<span class="Apple-converted-space">  </span>Wahrzeichens ist absehbar.</p>
<p><b>Ergänzungen:</b></p>
<ul>
<li>Poetische Neuinterpretation von &#8220; Z&#8217;Basel am mym Rhy, jo dort mecht y sy! &#8220; von Johann Peter Hebel.</li>
<li>Versinnbildlichung von Wasser als Lebenselexier der Evolution, als Transportweg des Lebens im Grossen wie im Kleinen. Inbegriff von Ökonomie, Ökologie, Kultur und Wertschätzung einer unserer wichtigsten Existenzgrundlagen.</li>
<li>Sichtbar machen der zusehens besser werdenden Wasserqualität des Rheines.</li>
<li>Die nachhaltige Stromproduktion für die Unterwasserscheinwerfer übernimmt der Rhein selbstverständlich und naheliegend gleich in eigener Regie. Erneuerbar und umweltgerecht hergestellt im „naturemade basic“ zertifiziertem Wasserkraftwerk Birsfelden.</li>
</ul>
<hr />
<p><img loading="lazy" decoding="async" class="aligncenter size-full wp-image-1583" src="https://dka.ch/wp-content/uploads/2019/06/Konzeptgrundlagen-Rheinlicht-1.jpg" alt="" width="1800" height="1050" srcset="https://dka.ch/wp-content/uploads/2019/06/Konzeptgrundlagen-Rheinlicht-1.jpg 1800w, https://dka.ch/wp-content/uploads/2019/06/Konzeptgrundlagen-Rheinlicht-1-300x175.jpg 300w, https://dka.ch/wp-content/uploads/2019/06/Konzeptgrundlagen-Rheinlicht-1-768x448.jpg 768w, https://dka.ch/wp-content/uploads/2019/06/Konzeptgrundlagen-Rheinlicht-1-1024x597.jpg 1024w, https://dka.ch/wp-content/uploads/2019/06/Konzeptgrundlagen-Rheinlicht-1-1000x583.jpg 1000w" sizes="auto, (max-width: 1800px) 100vw, 1800px" /></p>
<p><a href="https://dka.ch/index.php/licht-und-wasser-statt-feuer-und-werk/">Licht&amp;Wasser statt <strong>Feuer&amp;Werk</strong></a></p>
<hr />
<p>&nbsp;</p>

<p>Bild: © Radek Rukat &amp; Donat Kamber Licht-Kunst: Z’Basel am mym Rhy, jo dort mecht y sy! Beschrieb: Nächtliche Rhein-Illumination mittels Unterwasserscheinwerfern entlang den beiden Ufern zwischen Wettsteinbrücke und Mittlerer Brücke. Zielgruppe: Unikatives Wahrzeichen für&hellip; <a class="excerpt-more-link" href="https://dka.ch/index.php/rheinlicht/">Read More</a></p>
